2 - 40*c + 139. Determine p(5).
264
Let s(j) = 109*j + 4492. Calculate s(-37).
459
Let d(u) = -2*u**2 - 538*u - 34225. Determine d(-166).
-29
Let p(h) = -334*h**2 - 66802*h - 405. Determine p(-200).
-5
Let m(d) = d**2 - 14624*d - 263558. Calculate m(-18).
-2
Let i(h) = h**3 + 179*h**2 - 2497*h - 67. Calculate i(-192).
125
Let y(o) = 3251*o + 185347. Give y(-57).
40
Let x(s) = 15*s**3 - 3*s**2 + 159*s - 451. Calculate x(3).
404
Let z(x) = -x**2 - 479*x - 10055. What is z(-22)?
-1
Let f(i) = -468*i + 11416. What is f(27)?
-1220
Let v(o) = 3670*o + 11356. Give v(-3).
346
Let o(u) = -99257*u + 2481380. Calculate o(25).
-45
Let g(o) = 58021*o - 8529089. Give g(147).
-2
Let y(u) = -7*u**2 - 113*u - 99. Calculate y(0).
-99
Let g(p) = -1318*p - 3362. What is g(-2)?
-726
Let s(l) = 325357*l + 1952114. Calculate s(-6).
-28
Let s(p) = 1979*p - 700600. What is s(354)?
-34
Let a(v) = v**3 - 27*v**2 + 575*v - 12082. Determine a(24).
-10
Let m(h) = 716*h + 62248. Calculate m(-90).
-2192
Let v(l) = 2*l**3 - 43*l**2 + 55*l + 14. What is v(21)?
728
Let h(w) = -445*w + 3005. Calculate h(7).
-110
Let u(q) = -25*q - 156. Determine u(43).
-1231
Let c(o) = o**3 - 4*o**2 - 278*o + 1619. What is c(6)?
23
Let m(y) = -7*y**3 - 75*y**2 + 170*y + 1620. Give m(-11).
-8
Let x(g) = -62*g**3 - 12*g**2 - 107*g + 282. Calculate x(3).
-1821
Let i(j) = 7165*j - 7317. Give i(1).
-152
Let x(m) = 2*m**2 - 314*m + 2393. Determine x(149).
9
Let l(y) = -1310709*y - 11796378. Calculate l(-9).
3
Let l(o) = 9*o**2 + 76359*o + 229003. Determine l(-3).
7
Let w(x) = x**2 + 3768*x + 331018. Give w(-90).
-2
Let r(k) = k**3 - 230*k**2 - 8112*k + 5478. Calculate r(261).
-3
Let n(x) = -x**2 + 219*x + 18462. Give n(-65).
2
Let q(i) = -5701422*i + 11402848. What is q(2)?
4
Let b(w) = -w**3 - 10*w**2 + 300*w + 3771. Determine b(-13).
378
Let a(w) = -13*w**3 + 17*w**2 - 10*w - 5. Calculate a(1).
-11
Let n(y) = 2*y**3 - 45*y**2 + 29*y - 254. Give n(21).
-968
Let r(c) = -2*c**2 + 331*c - 3688. Determine r(12).
-4
Let n(a) = -a**2 - 33*a - 114. What is n(-31)?
-52
Let y(p) = 1015*p - 29709. Calculate y(32).
2771
Let g(r) = -167*r**2 - 417*r + 11104. Determine g(7).
2
Let v(m) = m**3 - 1028*m**2 + 132431*m - 3562. Give v(877).
-54
Let i(b) = b**2 - 377*b + 27581. What is i(99)?
59
Let v(l) = -34139*l - 341359. Calculate v(-10).
31
Let t(n) = -2*n**3 + 333*n**2 + 536*n - 5656. Determine t(168).
-280
Let l(y) = 1176*y + 15479. Give l(-13).
191
Let k(d) = -704*d - 33096. What is k(-47)?
-8
Let n(k) = k**2 + 221*k - 2726. Determine n(12).
70
Let w(k) = -9*k**2 - 2055*k + 16281. What is w(-236)?
-3
Let z(f) = 14*f**2 + 189*f - 1674. Calculate z(9).
1161
Let o(m) = 55*m**2 - 42*m + 437. Determine o(5).
1602
Let o(r) = r**2 - 3633*r - 43931. Determine o(-12).
-191
Let g(k) = -27723*k - 83398. Give g(-3).
-229
Let f(d) = 2*d**2 + 85*d - 10123. What is f(-105)?
3002
Let b(t) = -2*t**3 + 67*t**2 - 189*t + 3232. Give b(32).
256
Let l(v) = -v**3 - 1571*v**2 - 6262*v - 41. What is l(-4)?
-65
Let v(j) = -761*j + 596. What is v(1)?
-165
Let i(x) = x**3 + 274*x**2 + 17812*x + 431. Determine i(-168).
-241
Let v(r) = -3*r**3 - 8*r**2 + 84*r + 280. Determine v(8).
-1096
Let b(c) = -c**2 - 465*c - 41389. Calculate b(-120).
11
Let v(p) = p**3 - 92*p**2 - 923*p - 10290. Calculate v(102).
-396
Let c(z) = 5064*z + 3185257. Calculate c(-629).
1
Let c(v) = 2078*v + 12371. Calculate c(-7).
-2175
Let z(y) = -67030*y + 2144955. Calculate z(32).
-5
Let q(f) = -79*f**2 + 11839*f + 1690. Give q(150).
40
Let t(b) = -b**3 - 311*b**2 - 13500*b - 1658. Determine t(-52).
6
Let o(t) = 7*t**3 - 27*t**2 + 139*t + 15. Calculate o(5).
910
Let o(x) = 85837*x + 5064371. Calculate o(-59).
-12
Let u(b) = -5*b**3 + 13*b**2 - 50*b - 26. Give u(4).
-338
Let k(f) = 3*f**3 + 133*f**2 + 1362*f - 363. Determine k(-28).
-83
Let r(z) = z**3 - 238*z**2 + 1403*z - 38. Calculate r(6).
28
Let b(j) = 4621*j - 360408. Give b(78).
30
Let t(w) = -w**2 - 181*w - 2124. Calculate t(-163).
810
Let d(l) = -3387*l - 433541. What is d(-128)?
-5
Let x(j) = j**2 - 54*j - 21194. What is x(175)?
-19
Let j(g) = -2*g**2 + 1893*g - 16875. Give j(9).
0
Let m(x) = x**3 - 75*x**2 - 90*x + 175. Calculate m(76).
-889
Let h(x) = x**3 + 235*x**2 - 1360*x - 209966. Determine h(-237).
16
Let t(h) = -36580*h + 36286. Give t(1).
-294
Let b(u) = -17*u + 726. Determine b(15).
471
Let b(d) = 2*d**3 - 102*d + 601. Calculate b(6).
421
Let o(d) = 13*d**3 - 1277*d**2 + 353*d - 5794. Determine o(98).
-12
Let y(p) = 10*p**2 + 556*p - 6861. What is y(-66)?
3
Let z(q) = -13909578*q + 27819154. Determine z(2).
-2
Let v(b) = -5*b**3 + 1788*b**2 + 714*b + 790. Determine v(358).
74
Let b(z) = -z**3 + 179*z**2 - 19396*z + 3523687. Determine b(180).
7
Let p(r) = 77*r**2 + 932*r - 2111. Give p(-14).
-67
Let w(v) = -2*v**2 - 275*v - 7885. Calculate w(-40).
-85
Let f(p) = -947*p**2 + 7688*p - 7411. What is f(7)?
2
Let l(x) = -7*x**3 + 17*x**2 + 92*x + 82. What is l(7)?
-842
Let k(g) = 1470*g**2 - 233728*g - 324. What is k(159)?
-6
Let d(i) = 13*i**3 - 1483*i**2 + 91*i + 2696. Determine d(114).
74
Let l(b) = -b**3 - 101*b**2 - 194*b - 272. Give l(-99).
-668
Let v(u) = -33908*u - 440942. What is v(-13)?
-138
Let y(z) = -z**3 + 23*z**2 + 275*z - 3662. Give y(13).
1603
Let g(d) = 1835*d + 2615. What is g(-3)?
-2890
Let r(i) = -5*i**3 + 3176*i**2 - 13242*i - 5690. Calculate r(631).
-11
Let j(v) = 51*v**2 + 4631*v - 895. What is j(-91)?
15
Let b(j) = 72277*j - 289289. Determine b(4).
-181
Let l(t) = -28*t**2 + 169*t - 1575. What is l(8)?
-2015
Let j(h) = 394963*h + 789918. Calculate j(-2).
-8
Let o(t) = 2440*t - 75628. Calculate o(31).
12
Let r(a) = -969*a**2 - 125967*a + 396. What is r(-130)?
6
Let q(n) = -n**3 + 32*n**2 - 13*n - 1465. What is q(29)?
681
Let k(w) = 3405*w + 282571. What is k(-83)?
-44
Let d(m) = -5*m**3 - 204*m**2 - 4675*m - 193350. Give d(-41).
6
Let o(d) = 60660*d - 1334516. Determine o(22).
4
Let d(h) = 11*h**2 - 900*h + 720. Give d(83).
1799
Let q(r) = 3*r**3 - 2*r**2 - 39*r - 245. What is q(-6)?
-731
Let k(l) = -968*l + 27215. Give k(28).
111
Let b(i) = -i**2 + 1473*i - 536277. Calculate b(815).
-7
Let s(v) = -v**2 + 19838*v - 158647. Calculate s(8).
-7
Let l(b) = -190*b - 79043. Determine l(-416).
-3
Let a(t) = -3802*t + 509502. Give a(134).
34
Let c(w) = 6781*w + 827287. Calculate c(-122).
5
Let o(y) = y**3 + 85*y**2 + 85*y + 45. Give o(-84).
-39
Let c(n) = 98*n - 2557. What is c(21)?
-499
Let g(z) = 2*z**2 - 86*z - 553. Give g(40).
-793
Let t(j) = -151*j**2 + 67*j - 128. Calculate t(2).
-598
Let h(f) = 23*f**3 - 82*f**2 + 204*f + 69. What is h(3)?
564
Let t(z) = -208*z + 1425. What is t(8)?
-239
Let r(g) = -g**3 - 27*g**2 - 29*g - 889. Determine r(-27).
-106
Let f(r) = 2*r**3 + 69*r**2 - 59*r - 3048. Calculate f(-34).
114
Let r(q) = 5912*q + 29495. What is r(-5)?
-65
Let q(u) = -220*u + 83821. Determine q(381).
1
Let r(t) = -5801*t - 464117. Determine r(-80).
-37
Let i(j) = -j**2 + 38*j + 2747. Determine i(75).
-28
Let j(u) = u**3 - 132*u**2 + 3201*u - 117. Determine j(100).
-17
Let j(s) = 9*s**2 - 1770*s - 416. Calculate j(197).
175
Let g(q) = 28*q**2 + 1197*q - 8205. What is g(6)?
-15
Let d(h) = -284*h + 13486. Determine d(45).
706
Let o(v) = 4*v**3 + 14*v**2 + 2351*v + 7027. What is o(-3)?
-8
Let p(h) = 191*h**2 - 542*h - 22. What is p(3)?
71
Let l(z) = -5889*z - 571231. Give l(-97).
2
Let l(n) = 79*n**2 - 82*n + 6. What is l(-3)?
963
Let q(y) = -24041*y + 1009621. Calculate q(42).
-101
Let z(x) = -1524*x + 673314. Give z(442).
-294
Let t(v) = v**3 + 1305*v**2 + 3922*v - 11. Give t(-3).
-59
Let i(b) = 62414*b - 686543. Give i(11).
11
Let v(c) = -909*c**3 - 30000*c**2 - 4*c + 3131. Give v(-33).
-4
Let p(c) = 22*c**2 - 921*c - 2128. Give p(44).
-60
Let h(w) = 23*w**2 - 957*w + 3784. Give h(4).
324
Let v(b) = b**3 - 1122*b**2 + 60745*b - 2275. Determine v(57).
5
Let v(w) = 2*w**2 + 536*w - 29778. Calculate v(47).
-168
Let r(x) = -x**3 - 19*x**2 - 57*x - 38. What is r(-4)?
-50
Let y(l) = l**3 - 859*l**2 + 899*l - 35166. Calculate y(858).
12
Let r(b) = -4*b**2 - 187*b + 6783. What is r(30)?
-2427
Let n(k) = 471*k + 25849. Calculate n(-55).
-56
Let b(s) = -68*s - 2850. Determine b(-14).
-1898
Let c(z) = -3538*z + 247719. Determine c(70).
59
Let c(x) = x**2 + 270*x - 5253. Determine c(-289